Give k(s).
48
Let w(t) = 87*t + 48. Let c(g) = 25*g + 16. Let a(d) = 7*c(d) - 2*w(d). Give a(-21).
-5
Let o(c) be the second derivative of 0 - 1/12*c**4 - 22*c - 2*c**3 - 11*c**2. Calculate o(-9).
5
Let g = -55 + 59. Let s(i) = g*i + 8 + 0*i + i - 2*i. Let t be s(-5). Let m(v) = -v**2 - 9*v - 9. Calculate m(t).
5
Let y(q) = 2*q. Let c be y(-1). Let b(g) = 2*g**3 + 2*g + 2. Let p(i) = i**3 - i**2 + 2*i + 2. Let k(z) = c*b(z) + 3*p(z). Give k(-4).
10
Let d(j) = -j**3 - 16*j**2 - 16*j - 10. Suppose 14*s + 3*g + 3 = 11*s, 24 = 4*s - 3*g. Suppose -70 = 4*u - 2*l, -s - 7 = -2*l. What is d(u)?
5
Let i(w) = 339*w - 1035*w + 357*w - 35 + 342*w. Calculate i(6).
-17
Let m(h) be the first derivative of -h**4/4 + 32*h**3/3 - 3*h**2/2 + 72*h + 8346. Give m(32).
-24
Let j(w) = -w**2 - 18*w + 2. Let b be j(-18). Let s(z) = -7*z + 3*z**3 - b*z**3 - 325*z**2 + 316*z**2 - 2*z**3 + 10. Determine s(-8).
2
Let b(t) be the third derivative of -t**5/30 + 23*t**4/24 - 5*t**3/2 + 1636*t**2. Calculate b(10).
15
Let p(v) be the second derivative of 1/6*v**3 + 0 + 1/2*v**2 - 268*v. Suppose 5*k + 17 = 2. Calculate p(k).
-2
Let p(m) = m**3 - 9*m**2 + 8*m - 3. Suppose -4*l - 95 = -r, -2*r - 2*l = -0*l - 140. Let h be r/12 + 2 - (-1)/(-4). Give p(h).
-3
Let n(f) = -14*f - 7*f + 28*f - 10 - 11*f. Let j = -253 + 246. What is n(j)?
18
Let i(t) be the first derivative of t**4/4 + 2*t**3 - 10*t**2 - 2*t + 3269. What is i(-9)?
-65
Let v(x) = 3*x + 2. Let m be v(0). Suppose m*d + h - 6 = 0, -2*d + 2*h - 8 = -4*d. Let t(y) = -3*y**2 - 4*y + 2*y**2 - 2 + d*y - 6*y. Determine t(-8).
-2
Let q be (81/(-63))/3 + 24/7. Suppose 38*z - 155 = -q. Let j(v) = v**2 + 6*v - 4. Give j(z).
36
Let o = 34091 - 34098. Let p(d) = -d**2 - 20*d - 85. Give p(o).
6
Suppose -4*h - 21 = -s, 3*h - 28 = -4*s + 56. Let j(d) = -d**3 + 21*d**2 + d - 28. Calculate j(s).
-7
Let w(a) = -13*a + 103. Let p be (24 - 7 - 6) + -4. What is w(p)?
12
Suppose 53*d = 64*d + 22. Let r be 1/d*(9 + -9). Let a(h) = h**2 - h + 19. Give a(r).
19
Let t(h) = 9*h**3 + 2*h**2 + 3*h - 5. Let r(g) = -7*g**3 - g**2 - 4*g + 4. Let z(d) = -5*r(d) - 4*t(d). Calculate z(-6).
60
Suppose -12 + 21 = 3*g. Let l(n) = -6 + n**g - 2*n - 7*n**2 - 6*n + 0*n. Determine l(8).
-6
Let z(g) = 2*g**2 + 17*g + 9. Let p = 3548 - 3555. What is z(p)?
-12
Suppose 62*g - 18 = 25*g + 28*g. Let p(d) = -d**3 + 4*d**2 - 3*d + 1. Determine p(g).
3
Let t(x) = -11*x + 52. Let s(j) = -4*j + 17. Let h(o) = -8*s(o) + 3*t(o). What is h(13)?
7
Let m(g) = 305*g - 19. Let c(q) = 111*q - 6. Let u(w) = 11*c(w) - 4*m(w). Give u(3).
13
Let l(t) = -t**3 + 6*t**2 - 5*t - 7. Let u(f) = 2*f**2 + 12*f - 16. Let w be u(-8). Suppose -6*p - 94 + w = 0. Let r = p - -18. Determine l(r).
-7
Let y(r) = -r - 30. Let z be -65*(10 + -8) + (1 - 0). Let o = 129 + z. What is y(o)?
-30
Let b(u) = 147*u**2 + 3*u - 3. Let x(l) = 184*l**2 + 5*l - 3. Let s(h) = 5*b(h) - 4*x(h). Let o = 14 + -18. Give s(o).
1
Let v(s) = -s**2 + 1. Suppose c = -2*k - c + 8, c = -2. Let x(i) = 2*i**2 - 7*i - 27. Let g be x(k). Determine v(g).
-8
Let w(f) = -f**2 + 8346*f - 17 - 8330*f - 7. Give w(17).
-41
Let j(u) be the third derivative of u**6/120 - u**5/10 + u**3/3 - 2*u**2. Let p = -14328 - -14332. Determine j(p).
-30
Let k(b) = -4*b + 9*b - 2*b - 15. Let c be k(6). Let u(r) be the second derivative of -r**3/6 - r**2/2 - 37*r. Give u(c).
-4
Let m(f) = -f**3 - 6*f**2 - f - 3. Let p be (18/8)/(28/112). Suppose a + 192 = p*a. Suppose 0 = -d - 3*d - a. Calculate m(d).
3
Suppose -5*v = -x - 3*x + 15, -x + 3 = -2*v. Let w(s) be the first derivative of -2*s**2 + 1/3*s**3 + s + 30. Calculate w(x).
6
Let j be (-156)/6240*8/36*-2*3. Let y(v) be the third derivative of j*v**5 + v**2 + 0*v + v**3 - 1/4*v**4 + 0. Give y(4).
14
Let y(v) be the third derivative of 1/12*v**4 + 0*v + 1/2*v**3 - v**2 - 13. Calculate y(-4).
-5
Suppose -4*m + 1 = -7. Let f(w) = 2*w + 34*w**2 - 7*w**2 - 28*w**m. Calculate f(3).
-3
Let x be (-44)/10*17940/(-9867). Let d(g) = -g - g + 3*g + 5. What is d(x)?
13
Let l(b) be the third derivative of -1/60*b**5 - 5/24*b**4 + 2/3*b**3 + 0*b + 5*b**2 + 0. Let n be (-4)/2 + 350/(-70). Calculate l(n).
-10
Let k be ((-2)/(-5))/(238/4165). Let m(s) = 2*s - 61. Determine m(k).
-47
Suppose -4*d - 18 = -5*i, 12 = 2*i - 11*d + 7*d. Let k be (-8 - -7)*i + 6. Let m(s) = -5*s + 10. Calculate m(k).
-10
Let v(j) = -6*j**3 - 37*j**2 + 10*j - 17. Let p(s) = 7*s**3 + 45*s**2 - 12*s + 18. Let q(f) = -5*p(f) - 6*v(f). What is q(0)?
12
Let f(s) = -2*s + 6. Let q be f(5). Let d(m) be the second derivative of 1 + 11*m + 1/12*m**4 - 3/2*m**2 + 1/3*m**3. What is d(q)?
5
Let h(o) be the second derivative of o**3/6 + 23*o**2/2 + 947*o. Determine h(-36).
-13
Suppose -2*x - x = -4*p - 120, -p + 177 = 5*x. Suppose 2*y = -4*y - x. Let t be (30/(-25))/(y/(-15)). Let h(w) = -w**3 - 3*w**2 - w + 1. Determine h(t).
4
Suppose -m + h = 8, 7*h - 10*h + 12 = -m. Let j(t) be the second derivative of t**4/6 + 4*t**3/3 + 4*t**2 + t - 62. Determine j(m).
32
Let d(h) = -h**3 - 11*h**2 - 8*h + 11. Let z(n) = n**2 - 17*n + 79. Let t be z(5). Suppose 20*a - t*a + 10 = 0. Calculate d(a).
-9
Let h be 19 - 2*7/14. Suppose -97*f - h = -100*f. Let q(i) = -i**2 + 3*i + 6. Determine q(f).
-12
Let p be (-4 - (-4)/(1 + 3)) + 21. Let t be 9/(54/24) + p/(-2). Let w be t + 1 + (-4 - -2). Let b(o) = 3*o + 8. What is b(w)?
-10
Let n be (66/(-18))/((-1)/(33 - 0)). Suppose 24*x - 35*x + n = 0. Let p(m) = m**2 - 12*m + 10. What is p(x)?
-1
Let s(i) = 3*i**2 - 2*i + 1. Suppose 4*q + 4*z = -12, -q + 4*z = -2*z - 25. Determine s(q).
2
Suppose 14 = 5*q + 96*d - 93*d, 3*q + 14 = d. Let g(x) = -x**2 - 3*x - 4. Give g(q).
-2
Let p(y) be the third derivative of y**4/2 - 9*y**3/2 - 3609*y**2. What is p(4)?
21
Let p = 6 - 4. Let n(m) = 11*m**p - 25*m**2 - m + 13*m**2. Let g be 344/(-129) + (-12)/9. Determine n(g).
-12
Suppose -6 = 5*n - r, -4*r - 56 = 2*n - 14. Let c(a) = a**3 + a**2 + 38*a + 131. Give c(n).
-1
Let z(v) = -v**3 + v**2 + 9. Let p(i) = 3 + 3*i**2 - 20 - 57*i - 5 + 88*i. Let s be p(-11). Calculate z(s).
9
Let y(g) = -g**3 + 9*g**2 + 26*g - 14. Let c be 108/84*(-14)/(-3) - (-6 + 1). Give y(c).
30
Let n be (-3015)/1675 + (-82)/10. Let o(q) = -q**3 - 7*q**2 + 24*q - 4. Give o(n).
56
Let l(g) be the second derivative of 7*g**2 + 0 - 19*g - 5/24*g**4 - 1/60*g**5 - 2/3*g**3. Let t(m) be the first derivative of l(m). Determine t(-3).
2
Suppose -2*w + 0*w = -2, -13 = -4*u + 3*w. Suppose -3*g - 2295 = -u*d, -d - g = -6*g - 578. Let i(z) = -572*z + d*z - 4 + 3. Determine i(-5).
-6
Let q(b) = -2*b**2 + 19*b + 2. Let d(n) = n**2 - 13*n - 2. Let h(i) = -5*d(i) - 4*q(i). Determine h(2).
-8
Let h(y) be the first derivative of 21*y**2 - y + 432. What is h(1)?
41
Let j(u) = -u**3 - 6*u**2 - 2*u + 8. Let v be j(-6). Suppose -t + h = -7, h + v = -3*h. Let i(b) = 0 + t - b + 0 + 2. Give i(3).
1
Let t = -211 + 210. Let a(u) = -3*u**2 - 4*u - 2. Determine a(t).
-1
Let n(k) = -k**2 + 31*k - 237. Suppose 66 = 3*m - 2*w, 0 = 3*m - 10*w + 15*w - 24. What is n(m)?
-3
Let w(m) be the third derivative of -11*m**5/20 + m**4/12 + m**3/6 - 4*m**2. Suppose 0 = -13*t + 142*t - 96 + 225. Give w(t).
-34
Let t(c) = 13*c + 21. Let p(l) = -243*l + 980. Let u be p(4). What is t(u)?
125
Let s(c) be the first derivative of c**4/4 + 23*c**3/3 + c**2/2 + 45*c - 3363. Calculate s(-23).
22
Let k(n) = 3*n**2 + 14*n + 25. Let x be (8/(-1))/(((-288)/(-12))/12). What is k(x)?
17
Let q be ((-546)/(-52))/21 + (-5)/2. Let m(r) = 10*r + 20. Calculate m(q).
0
Let y(r) = -12*r + 1. Let w be (-2)/5 + (714/(-30))/(-7). Suppose 14 - 26 = -w*x. Let n be 2/x - 3/(-2) - 3. What is y(n)?
13
Let l = -179 + 253. Let o = l - 56. Suppose -3*x = 3*m - o, m - 3*m = -2. Let i(v) = -v**3 + 6*v**2 - 3*v - 2. Give i(x).
8
Let b(g) = g**3 - 16*g**2 + 15*g - 20. Let w(o) = 2*o**3 + 23*o**2 - 13*o + 3. Let l be w(-12). Determine b(l).
-20
Let v(j) = -j**3 - 16*j**2 - 34*j - 34. Let o(y) = 6*y**3 + 82*y**2 + 166*y + 169. Let h(f) = 2*o(f) + 11*v(f). Calculate h(15).
9
Suppose -p - 3*m = -4, 3*m = 5*p + m - 20. Suppose 9 = -3*g + p*g. Let a(s) = 4 + 8 - g*s - 6 + s**2. What is a(8)?
-2
Suppose -3*f + 19 = 5*o, 8*f - 12*f + 10 = -o. Let n(p) = -11 + o - 9 - p**2 - 1 - 8*p + 2*p**2. Give n(9).
-10
Let u(q) be the third derivative of -q**6/120 - 